{"id":925,"date":"2019-11-27T20:26:20","date_gmt":"2019-11-27T19:26:20","guid":{"rendered":"http:\/\/www.ehenetz-dresden.de\/WordPress\/?page_id=925"},"modified":"2020-05-26T09:10:28","modified_gmt":"2020-05-26T07:10:28","slug":"paartherapie","status":"publish","type":"page","link":"https:\/\/www.ehenetz-dresden.de\/WordPress\/paartherapie\/","title":{"rendered":"Paartherapie"},"content":{"rendered":"\t\t<div data-elementor-type=\"wp-page\" data-elementor-id=\"925\" class=\"elementor elementor-925\">\n\t\t\t\t\t\t<section class=\"elementor-section elementor-top-section elementor-element elementor-element-c9e340e elementor-section-boxed elementor-section-height-default elementor-section-height-default\" data-id=\"c9e340e\" data-element_type=\"section\" data-e-type=\"section\">\n\t\t\t\t\t\t<div class=\"elementor-container elementor-column-gap-default\">\n\t\t\t\t\t<div class=\"elementor-column elementor-col-100 elementor-top-column elementor-element elementor-element-3224a05\" data-id=\"3224a05\" data-element_type=\"column\" data-e-type=\"column\">\n\t\t\t<div class=\"elementor-widget-wrap elementor-element-populated\">\n\t\t\t\t\t\t<div class=\"elementor-element elementor-element-21b7c9b elementor-widget elementor-widget-heading\" data-id=\"21b7c9b\" data-element_type=\"widget\" data-e-type=\"widget\" data-widget_type=\"heading.default\">\n\t\t\t\t<div class=\"elementor-widget-container\">\n\t\t\t\t\t<h2 class=\"elementor-heading-title elementor-size-default\">Paartherapie<\/h2>\t\t\t\t<\/div>\n\t\t\t\t<\/div>\n\t\t\t\t\t<\/div>\n\t\t<\/div>\n\t\t\t\t\t<\/div>\n\t\t<\/section>\n\t\t\t\t<section class=\"elementor-section elementor-top-section elementor-element elementor-element-c03ad6f elementor-section-boxed elementor-section-height-default elementor-section-height-default\" data-id=\"c03ad6f\" data-element_type=\"section\" data-e-type=\"section\">\n\t\t\t\t\t\t<div class=\"elementor-container elementor-column-gap-default\">\n\t\t\t\t\t<div class=\"elementor-column elementor-col-100 elementor-top-column elementor-element elementor-element-2f5c74e\" data-id=\"2f5c74e\" data-element_type=\"column\" data-e-type=\"column\">\n\t\t\t<div class=\"elementor-widget-wrap elementor-element-populated\">\n\t\t\t\t\t\t<div class=\"elementor-element elementor-element-19ae7fe elementor-widget elementor-widget-spacer\" data-id=\"19ae7fe\" data-element_type=\"widget\" data-e-type=\"widget\" data-widget_type=\"spacer.default\">\n\t\t\t\t<div class=\"elementor-widget-container\">\n\t\t\t\t\t\t\t<div class=\"elementor-spacer\">\n\t\t\t<div class=\"elementor-spacer-inner\"><\/div>\n\t\t<\/div>\n\t\t\t\t\t\t<\/div>\n\t\t\t\t<\/div>\n\t\t\t\t\t<\/div>\n\t\t<\/div>\n\t\t\t\t\t<\/div>\n\t\t<\/section>\n\t\t\t\t<section class=\"elementor-section elementor-top-section elementor-element elementor-element-5ac5b8c elementor-section-boxed elementor-section-height-default elementor-section-height-default\" data-id=\"5ac5b8c\" data-element_type=\"section\" data-e-type=\"section\">\n\t\t\t\t\t\t<div class=\"elementor-container elementor-column-gap-default\">\n\t\t\t\t\t<div class=\"elementor-column elementor-col-50 elementor-top-column elementor-element elementor-element-52e8868\" data-id=\"52e8868\" data-element_type=\"column\" data-e-type=\"column\">\n\t\t\t<div class=\"elementor-widget-wrap elementor-element-populated\">\n\t\t\t\t\t\t<div class=\"elementor-element elementor-element-8c8a6b7 elementor-widget elementor-widget-image\" data-id=\"8c8a6b7\" data-element_type=\"widget\" data-e-type=\"widget\" data-widget_type=\"image.default\">\n\t\t\t\t<div class=\"elementor-widget-container\">\n\t\t\t\t\t\t\t\t\t\t\t\t\t\t\t\t<a href=\"https:\/\/www.thalia.de\/shop\/home\/artikeldetails\/ID145819326.html\">\n\t\t\t\t\t\t\t<img fetchpriority=\"high\" decoding=\"async\" width=\"354\" height=\"499\" src=\"https:\/\/www.ehenetz-dresden.de\/WordPress\/wp-content\/uploads\/2019\/11\/Halt-mich-fest.-Sieben-Gespr\u00e4che-zu-einem-von-Liebe-erf\u00fcllten-Leben.jpg\" class=\"attachment-large size-large wp-image-872\" alt=\"\" srcset=\"https:\/\/www.ehenetz-dresden.de\/WordPress\/wp-content\/uploads\/2019\/11\/Halt-mich-fest.-Sieben-Gespr\u00e4che-zu-einem-von-Liebe-erf\u00fcllten-Leben.jpg 354w, https:\/\/www.ehenetz-dresden.de\/WordPress\/wp-content\/uploads\/2019\/11\/Halt-mich-fest.-Sieben-Gespr\u00e4che-zu-einem-von-Liebe-erf\u00fcllten-Leben-213x300.jpg 213w, https:\/\/www.ehenetz-dresden.de\/WordPress\/wp-content\/uploads\/2019\/11\/Halt-mich-fest.-Sieben-Gespr\u00e4che-zu-einem-von-Liebe-erf\u00fcllten-Leben-230x324.jpg 230w, https:\/\/www.ehenetz-dresden.de\/WordPress\/wp-content\/uploads\/2019\/11\/Halt-mich-fest.-Sieben-Gespr\u00e4che-zu-einem-von-Liebe-erf\u00fcllten-Leben-350x493.jpg 350w\" sizes=\"(max-width: 354px) 100vw, 354px\" \/>\t\t\t\t\t\t\t\t<\/a>\n\t\t\t\t\t\t\t\t\t\t\t\t\t\t\t<\/div>\n\t\t\t\t<\/div>\n\t\t\t\t\t<\/div>\n\t\t<\/div>\n\t\t\t\t<div class=\"elementor-column elementor-col-50 elementor-top-column elementor-element elementor-element-6e5948a\" data-id=\"6e5948a\" data-element_type=\"column\" data-e-type=\"column\">\n\t\t\t<div class=\"elementor-widget-wrap elementor-element-populated\">\n\t\t\t\t\t\t<div class=\"elementor-element elementor-element-c96eb23 elementor-widget elementor-widget-text-editor\" data-id=\"c96eb23\" data-element_type=\"widget\" data-e-type=\"widget\" data-widget_type=\"text-editor.default\">\n\t\t\t\t<div class=\"elementor-widget-container\">\n\t\t\t\t\t\t\t\t\t<div data-switch=\"author\" data-switch-size=\"large,xlarge\"><h5 class=\"aim-author\" style=\"text-align: center;\">Sue Johnson<\/h5><\/div><h5 class=\"ncTitle\" style=\"text-align: center;\"><a href=\"https:\/\/www.thalia.de\/shop\/home\/artikeldetails\/ID145819326.html\">Halt mich fest<\/a><\/h5><h5 class=\"ncTitleSub\" style=\"text-align: center;\"><span class=\"oSubTitle\">Sieben Gespr\u00e4che \u00fcber lebenslange Liebe<\/span><\/h5><p>Lieben lernen<br \/>In der Liebe geht es um emotionale Verbindung. Wir alle suchen jemanden, auf den wir uns verlassen k\u00f6nnen, einen geliebten Menschen, der uns zuverl\u00e4ssig emotionale Verbundenheit geben kann. Sue Johnsons Botschaft in diesem Buch ist sehr einfach:<br \/>Niemand muss lernen, besser zu argumentieren und zu verhandeln, auch gilt es nicht, die fr\u00fche Kindheit zu analysieren oder dem Partner durch gro\u00dfartige romantische Gesten etwas zu beweisen.<br \/>Worauf es ankommt ist, die emotionale Verbundenheit anzuerkennen, am Leben zu erhalten und zu st\u00e4rken.<br \/>Wie dies gelingt, zeigt dieses Buch an gut verst\u00e4ndlichen Beispielgespr\u00e4chen aus der paartherapeutischen Praxis.<br \/>&#8211; F\u00fcr eine gl\u00fccklichere Paarbeziehung<br \/>&#8211; Anwendung der erfolgreichsten paartherapeutischen Methoden in der Praxis<br \/>&#8211; Behandelt die Schl\u00fcsselmomente von Beziehungen<br \/>\u00bbDieses Buch ber\u00fchrt Ihr Herz, regt Ihren Geist an und liefert praktische Strategien zur Verbesserung von Paarbeziehungen.\u00ab &#8211; William J. Doherty<\/p>\t\t\t\t\t\t\t\t<\/div>\n\t\t\t\t<\/div>\n\t\t\t\t\t<\/div>\n\t\t<\/div>\n\t\t\t\t\t<\/div>\n\t\t<\/section>\n\t\t\t\t<section class=\"elementor-section elementor-top-section elementor-element elementor-element-144fb32 elementor-reverse-mobile elementor-section-boxed elementor-section-height-default elementor-section-height-default\" data-id=\"144fb32\" data-element_type=\"section\" data-e-type=\"section\">\n\t\t\t\t\t\t<div class=\"elementor-container elementor-column-gap-default\">\n\t\t\t\t\t<div class=\"elementor-column elementor-col-50 elementor-top-column elementor-element elementor-element-d3cfeda\" data-id=\"d3cfeda\" data-element_type=\"column\" data-e-type=\"column\">\n\t\t\t<div class=\"elementor-widget-wrap elementor-element-populated\">\n\t\t\t\t\t\t<div class=\"elementor-element elementor-element-bb420af elementor-widget elementor-widget-text-editor\" data-id=\"bb420af\" data-element_type=\"widget\" data-e-type=\"widget\" data-widget_type=\"text-editor.default\">\n\t\t\t\t<div class=\"elementor-widget-container\">\n\t\t\t\t\t\t\t\t\t<div data-switch=\"author\" data-switch-size=\"large,xlarge\"><div data-switch=\"author\" data-switch-size=\"large,xlarge\"><h5 class=\"aim-author\" style=\"text-align: center;\">Gerhard Zarbock,\u00a0Wendy Terrie Behary,\u00a0Eckhard Roediger<\/h5><\/div><h5 class=\"ncTitle\" style=\"text-align: center;\"><a href=\"https:\/\/www.thalia.de\/shop\/home\/artikeldetails\/ID36031858.html\">Passt doch!<\/a><\/h5><h5 class=\"ncTitleSub\" style=\"text-align: center;\"><span class=\"oSubTitle\">Paarkonflikte verstehen und l\u00f6sen mit der Schematherapie. Mit Online-Materialien<\/span><\/h5><\/div><p>Gegens\u00e4tze ziehen sich an? Gleich und gleich gesellt sich gern? Die unterschiedlichsten Paarkonstellationen k\u00f6nnen im Laufe der Beziehung zu Konflikten f\u00fchren. Die Schematherapie hilft, diese zu verstehen und zu l\u00f6sen.<br \/><br \/>Anfangs finden Paare aufgrund einer unbewusst wirkenden \u00bbBeziehungschemie\u00ab zueinander. H\u00e4ufig f\u00fchlt man sich dabei auch von gegens\u00e4tzlichen Eigenschaften des anderen angezogen. Diese unterschiedlichen Eigenschaften f\u00fchren im Laufe einer Beziehung aber h\u00e4ufig zu Konflikten. Schon kleine Reize k\u00f6nnen dann schwierige Gef\u00fchle und Reaktionen ausl\u00f6sen. Die Schematherapie kann in solchen Situationen helfen &#8211; ihre Erkenntnisse und Methoden zeigen, wie man unterschiedlichen Eigenschaften und Verhaltensweisen erkennt und akzeptieren kann. Paare erfahren dar\u00fcber hinaus, wie sie k\u00fcnftig Konflikte vermeiden, ihren Alltag harmonischer gestalten und ihre Beziehung damit stabilisieren &#8211; und so ihre urspr\u00fcngliche \u00bbPassung\u00ab wieder entdecken.<\/p>\t\t\t\t\t\t\t\t<\/div>\n\t\t\t\t<\/div>\n\t\t\t\t\t<\/div>\n\t\t<\/div>\n\t\t\t\t<div class=\"elementor-column elementor-col-50 elementor-top-column elementor-element elementor-element-4d9c3a4\" data-id=\"4d9c3a4\" data-element_type=\"column\" data-e-type=\"column\">\n\t\t\t<div class=\"elementor-widget-wrap elementor-element-populated\">\n\t\t\t\t\t\t<div class=\"elementor-element elementor-element-758ef9f elementor-widget elementor-widget-image\" data-id=\"758ef9f\" data-element_type=\"widget\" data-e-type=\"widget\" data-widget_type=\"image.default\">\n\t\t\t\t<div class=\"elementor-widget-container\">\n\t\t\t\t\t\t\t\t\t\t\t\t\t\t\t\t<a href=\"https:\/\/www.thalia.de\/shop\/home\/artikeldetails\/ID36031858.html\">\n\t\t\t\t\t\t\t<img decoding=\"async\" width=\"324\" height=\"499\" src=\"https:\/\/www.ehenetz-dresden.de\/WordPress\/wp-content\/uploads\/2019\/11\/Passt-doch-Paarkonflikte-verstehen-und-l\u00f6sen-mit-der-Schematherapie.jpg\" class=\"attachment-large size-large wp-image-882\" alt=\"\" srcset=\"https:\/\/www.ehenetz-dresden.de\/WordPress\/wp-content\/uploads\/2019\/11\/Passt-doch-Paarkonflikte-verstehen-und-l\u00f6sen-mit-der-Schematherapie.jpg 324w, https:\/\/www.ehenetz-dresden.de\/WordPress\/wp-content\/uploads\/2019\/11\/Passt-doch-Paarkonflikte-verstehen-und-l\u00f6sen-mit-der-Schematherapie-195x300.jpg 195w, https:\/\/www.ehenetz-dresden.de\/WordPress\/wp-content\/uploads\/2019\/11\/Passt-doch-Paarkonflikte-verstehen-und-l\u00f6sen-mit-der-Schematherapie-230x354.jpg 230w\" sizes=\"(max-width: 324px) 100vw, 324px\" \/>\t\t\t\t\t\t\t\t<\/a>\n\t\t\t\t\t\t\t\t\t\t\t\t\t\t\t<\/div>\n\t\t\t\t<\/div>\n\t\t\t\t\t<\/div>\n\t\t<\/div>\n\t\t\t\t\t<\/div>\n\t\t<\/section>\n\t\t\t\t<section class=\"elementor-section elementor-top-section elementor-element elementor-element-1787795 elementor-section-boxed elementor-section-height-default elementor-section-height-default\" data-id=\"1787795\" data-element_type=\"section\" data-e-type=\"section\">\n\t\t\t\t\t\t<div class=\"elementor-container elementor-column-gap-default\">\n\t\t\t\t\t<div class=\"elementor-column elementor-col-50 elementor-top-column elementor-element elementor-element-4777161\" data-id=\"4777161\" data-element_type=\"column\" data-e-type=\"column\">\n\t\t\t<div class=\"elementor-widget-wrap elementor-element-populated\">\n\t\t\t\t\t\t<div class=\"elementor-element elementor-element-8a98d16 elementor-widget elementor-widget-image\" data-id=\"8a98d16\" data-element_type=\"widget\" data-e-type=\"widget\" data-widget_type=\"image.default\">\n\t\t\t\t<div class=\"elementor-widget-container\">\n\t\t\t\t\t\t\t\t\t\t\t\t\t\t\t\t<a href=\"https:\/\/www.thalia.de\/shop\/home\/artikeldetails\/ID3851483.html\">\n\t\t\t\t\t\t\t<img decoding=\"async\" width=\"379\" height=\"600\" src=\"https:\/\/www.ehenetz-dresden.de\/WordPress\/wp-content\/uploads\/2019\/11\/Warum-hast-du-mir-das-angetan.jpeg\" class=\"attachment-large size-large wp-image-891\" alt=\"\" srcset=\"https:\/\/www.ehenetz-dresden.de\/WordPress\/wp-content\/uploads\/2019\/11\/Warum-hast-du-mir-das-angetan.jpeg 379w, https:\/\/www.ehenetz-dresden.de\/WordPress\/wp-content\/uploads\/2019\/11\/Warum-hast-du-mir-das-angetan-190x300.jpeg 190w, https:\/\/www.ehenetz-dresden.de\/WordPress\/wp-content\/uploads\/2019\/11\/Warum-hast-du-mir-das-angetan-230x364.jpeg 230w, https:\/\/www.ehenetz-dresden.de\/WordPress\/wp-content\/uploads\/2019\/11\/Warum-hast-du-mir-das-angetan-350x554.jpeg 350w\" sizes=\"(max-width: 379px) 100vw, 379px\" \/>\t\t\t\t\t\t\t\t<\/a>\n\t\t\t\t\t\t\t\t\t\t\t\t\t\t\t<\/div>\n\t\t\t\t<\/div>\n\t\t\t\t\t<\/div>\n\t\t<\/div>\n\t\t\t\t<div class=\"elementor-column elementor-col-50 elementor-top-column elementor-element elementor-element-bdd7dc9\" data-id=\"bdd7dc9\" data-element_type=\"column\" data-e-type=\"column\">\n\t\t\t<div class=\"elementor-widget-wrap elementor-element-populated\">\n\t\t\t\t\t\t<div class=\"elementor-element elementor-element-b4003dc elementor-widget elementor-widget-text-editor\" data-id=\"b4003dc\" data-element_type=\"widget\" data-e-type=\"widget\" data-widget_type=\"text-editor.default\">\n\t\t\t\t<div class=\"elementor-widget-container\">\n\t\t\t\t\t\t\t\t\t<div data-switch=\"author\" data-switch-size=\"large,xlarge\"><div data-switch=\"author\" data-switch-size=\"large,xlarge\"><h5 class=\"aim-author\" style=\"text-align: center;\">Hans Jellouschek<\/h5><\/div><h5 class=\"ncTitle\" style=\"text-align: center;\"><a href=\"https:\/\/www.thalia.de\/shop\/home\/artikeldetails\/ID3851483.html\">Warum hast du mir das angetan?<\/a><\/h5><h5 class=\"ncTitleSub\" style=\"text-align: center;\"><span class=\"oSubTitle\">Untreue als Chance<\/span><\/h5><\/div><p>Wenn einer von beiden fremdgeht und der andere davon erf\u00e4hrt, erlebt der Betrogene einen Schock, einen Bruch des Vertrauens und f\u00fchlt dann meistens nur noch, dass alles zu Ende ist. Dass dies keineswegs der Tod der Beziehung sein muss, dass diese Situation viele Chancen f\u00fcr einen neuen gemeinsamen Aufbruch birgt, beschreibt der Paartherapeut Hans Jellouschek in diesem Buch am Beispiel von drei Paaren, die es anders machen.<\/p>\t\t\t\t\t\t\t\t<\/div>\n\t\t\t\t<\/div>\n\t\t\t\t\t<\/div>\n\t\t<\/div>\n\t\t\t\t\t<\/div>\n\t\t<\/section>\n\t\t\t\t<\/div>\n\t\t","protected":false},"excerpt":{"rendered":"<p>Paartherapie Sue Johnson Halt mich fest Sieben Gespr\u00e4che \u00fcber lebenslange Liebe Lieben lernen In der Liebe geht es um emotionale Verbindung. Wir alle suchen jemanden, auf den wir uns verlassen k\u00f6nnen, einen geliebten Menschen, der uns zuverl\u00e4ssig emotionale Verbundenheit geben kann. Sue Johnsons Botschaft in diesem Buch ist sehr einfach: Niemand muss lernen, besser zu [&hellip;]<\/p>\n","protected":false},"author":3,"featured_media":0,"parent":0,"menu_order":0,"comment_status":"closed","ping_status":"closed","template":"elementor_header_footer","meta":{"footnotes":""},"class_list":["post-925","page","type-page","status-publish","hentry"],"_links":{"self":[{"href":"https:\/\/www.ehenetz-dresden.de\/WordPress\/wp-json\/wp\/v2\/pages\/925","targetHints":{"allow":["GET"]}}],"collection":[{"href":"https:\/\/www.ehenetz-dresden.de\/WordPress\/wp-json\/wp\/v2\/pages"}],"about":[{"href":"https:\/\/www.ehenetz-dresden.de\/WordPress\/wp-json\/wp\/v2\/types\/page"}],"author":[{"embeddable":true,"href":"https:\/\/www.ehenetz-dresden.de\/WordPress\/wp-json\/wp\/v2\/users\/3"}],"replies":[{"embeddable":true,"href":"https:\/\/www.ehenetz-dresden.de\/WordPress\/wp-json\/wp\/v2\/comments?post=925"}],"version-history":[{"count":9,"href":"https:\/\/www.ehenetz-dresden.de\/WordPress\/wp-json\/wp\/v2\/pages\/925\/revisions"}],"predecessor-version":[{"id":1350,"href":"https:\/\/www.ehenetz-dresden.de\/WordPress\/wp-json\/wp\/v2\/pages\/925\/revisions\/1350"}],"wp:attachment":[{"href":"https:\/\/www.ehenetz-dresden.de\/WordPress\/wp-json\/wp\/v2\/media?parent=925"}],"curies":[{"name":"wp","href":"https:\/\/api.w.org\/{rel}","templated":true}]}}