{"id":1890,"date":"2020-05-25T08:27:28","date_gmt":"2020-05-25T06:27:28","guid":{"rendered":"https:\/\/www.ehenetz-dresden.de\/WordPress\/?page_id=1890"},"modified":"2022-04-24T16:17:27","modified_gmt":"2022-04-24T14:17:27","slug":"twogether-begleitung-in-paarfragen-vor-und-waehrend-der-ehe","status":"publish","type":"page","link":"https:\/\/www.ehenetz-dresden.de\/WordPress\/twogether-begleitung-in-paarfragen-vor-und-waehrend-der-ehe\/","title":{"rendered":"Twogether &#8211; Begleitung in Paarfragen vor und w\u00e4hrend der Ehe"},"content":{"rendered":"\t\t<div data-elementor-type=\"wp-page\" data-elementor-id=\"1890\" class=\"elementor elementor-1890\">\n\t\t\t\t\t\t<section class=\"elementor-section elementor-top-section elementor-element elementor-element-070c8dc elementor-section-boxed elementor-section-height-default elementor-section-height-default\" data-id=\"070c8dc\" data-element_type=\"section\" data-e-type=\"section\">\n\t\t\t\t\t\t<div class=\"elementor-container elementor-column-gap-default\">\n\t\t\t\t\t<div class=\"elementor-column elementor-col-100 elementor-top-column elementor-element elementor-element-8c4291a\" data-id=\"8c4291a\" data-element_type=\"column\" data-e-type=\"column\">\n\t\t\t<div class=\"elementor-widget-wrap elementor-element-populated\">\n\t\t\t\t\t\t<div class=\"elementor-element elementor-element-5e43f17 elementor-widget elementor-widget-heading\" data-id=\"5e43f17\" data-element_type=\"widget\" data-e-type=\"widget\" data-widget_type=\"heading.default\">\n\t\t\t\t<div class=\"elementor-widget-container\">\n\t\t\t\t\t<h2 class=\"elementor-heading-title elementor-size-default\">Twogether \u2013 Begleitung in Paarfragen vor und w\u00e4hrend der Ehe<\/h2>\t\t\t\t<\/div>\n\t\t\t\t<\/div>\n\t\t\t\t<div class=\"elementor-element elementor-element-42c1f17 elementor-widget-divider--view-line elementor-widget elementor-widget-divider\" data-id=\"42c1f17\" data-element_type=\"widget\" data-e-type=\"widget\" data-widget_type=\"divider.default\">\n\t\t\t\t<div class=\"elementor-widget-container\">\n\t\t\t\t\t\t\t<div class=\"elementor-divider\">\n\t\t\t<span class=\"elementor-divider-separator\">\n\t\t\t\t\t\t<\/span>\n\t\t<\/div>\n\t\t\t\t\t\t<\/div>\n\t\t\t\t<\/div>\n\t\t\t\t<div class=\"elementor-element elementor-element-8dd7da0 elementor-widget elementor-widget-text-editor\" data-id=\"8dd7da0\" data-element_type=\"widget\" data-e-type=\"widget\" data-widget_type=\"text-editor.default\">\n\t\t\t\t<div class=\"elementor-widget-container\">\n\t\t\t\t\t\t\t\t\t<p><span style=\"color: #000000;\">Wenn aus Verliebtheit mehr geworden ist:\u00a0<\/span><\/p><p><span style=\"color: #000000;\">Im\u00a0Twogether\u00a0&#8211; Ehevorbereitungsprogramm kommen die \u201e7 wichtigen Fragen, die ein Paar vor der Ehe kl\u00e4ren sollte\u201c, ins Spiel, von Umgang mit Finanzen, Kommunikation, Liebe zeigen, Sexualit\u00e4t bis zu Lebensperspektive ist so ziemlich alles dabei. Wer als Paar hier konkrete Hilfestellung bzw. die richtigen Fragen\u00a0zu\u00a0o.g.\u00a0Themen w\u00fcnscht, kann durch ein erfahrenes\u00a0Mentorenpaar\u00a0unterst\u00fctzt werden.\u00a0<\/span><\/p><p><span style=\"color: #000000;\">\u201eTwogether\u201c nennt sich das bew\u00e4hrte Konzept. Es umfasst innerhalb eines begrenzten Zeitraums mit 7-8 Begegnungen u.a. eine kleine Paaranalyse und gutes Gespr\u00e4chsmaterial f\u00fcr das Paar, das von diesem allein bearbeitet wird.\u00a0 Die Mentoren sind nicht Gespr\u00e4chsf\u00fchrer, sondern helfen lediglich bei der Schwerpunktsetzung und der Reflexion.\u00a0<\/span><\/p><p><span style=\"color: #000000;\">Das\u00a0Ganze\u00a0gibt es \u00fcbrigens auch f\u00fcr\u00a0\u201efortgeschrittene\u201c Ehepaare, die ganz pers\u00f6nlich Anst\u00f6\u00dfe f\u00fcr eigene Fragestellungen suchen. Auch f\u00fcr sie sind\u00a0Mentorenpaare\u00a0in Dresden ansprechbar.<\/span><\/p>\t\t\t\t\t\t\t\t<\/div>\n\t\t\t\t<\/div>\n\t\t\t\t<div class=\"elementor-element elementor-element-0692e60 elementor-widget elementor-widget-spacer\" data-id=\"0692e60\" data-element_type=\"widget\" data-e-type=\"widget\" data-widget_type=\"spacer.default\">\n\t\t\t\t<div class=\"elementor-widget-container\">\n\t\t\t\t\t\t\t<div class=\"elementor-spacer\">\n\t\t\t<div class=\"elementor-spacer-inner\"><\/div>\n\t\t<\/div>\n\t\t\t\t\t\t<\/div>\n\t\t\t\t<\/div>\n\t\t\t\t\t<\/div>\n\t\t<\/div>\n\t\t\t\t\t<\/div>\n\t\t<\/section>\n\t\t\t\t<section class=\"elementor-section elementor-top-section elementor-element elementor-element-9018ff1 elementor-section-stretched elementor-section-boxed elementor-section-height-default elementor-section-height-default\" data-id=\"9018ff1\" data-element_type=\"section\" data-e-type=\"section\" data-settings=\"{&quot;stretch_section&quot;:&quot;section-stretched&quot;,&quot;background_background&quot;:&quot;classic&quot;}\">\n\t\t\t\t\t\t<div class=\"elementor-container elementor-column-gap-default\">\n\t\t\t\t\t<div class=\"elementor-column elementor-col-100 elementor-top-column elementor-element elementor-element-5bdc5a3\" data-id=\"5bdc5a3\" data-element_type=\"column\" data-e-type=\"column\">\n\t\t\t<div class=\"elementor-widget-wrap elementor-element-populated\">\n\t\t\t\t\t\t<div class=\"elementor-element elementor-element-1fa3d80 elementor-widget elementor-widget-spacer\" data-id=\"1fa3d80\" data-element_type=\"widget\" data-e-type=\"widget\" data-widget_type=\"spacer.default\">\n\t\t\t\t<div class=\"elementor-widget-container\">\n\t\t\t\t\t\t\t<div class=\"elementor-spacer\">\n\t\t\t<div class=\"elementor-spacer-inner\"><\/div>\n\t\t<\/div>\n\t\t\t\t\t\t<\/div>\n\t\t\t\t<\/div>\n\t\t\t\t<section class=\"elementor-section elementor-inner-section elementor-element elementor-element-1157954 elementor-section-boxed elementor-section-height-default elementor-section-height-default\" data-id=\"1157954\" data-element_type=\"section\" data-e-type=\"section\">\n\t\t\t\t\t\t<div class=\"elementor-container elementor-column-gap-default\">\n\t\t\t\t\t<div class=\"elementor-column elementor-col-50 elementor-inner-column elementor-element elementor-element-ac23c86\" data-id=\"ac23c86\" data-element_type=\"column\" data-e-type=\"column\">\n\t\t\t<div class=\"elementor-widget-wrap elementor-element-populated\">\n\t\t\t\t\t\t<div class=\"elementor-element elementor-element-9257c51 elementor-widget elementor-widget-heading\" data-id=\"9257c51\" data-element_type=\"widget\" data-e-type=\"widget\" data-widget_type=\"heading.default\">\n\t\t\t\t<div class=\"elementor-widget-container\">\n\t\t\t\t\t<h4 class=\"elementor-heading-title elementor-size-default\">Mentorensuche<\/h4>\t\t\t\t<\/div>\n\t\t\t\t<\/div>\n\t\t\t\t<div class=\"elementor-element elementor-element-2c12656 elementor-widget elementor-widget-text-editor\" data-id=\"2c12656\" data-element_type=\"widget\" data-e-type=\"widget\" data-widget_type=\"text-editor.default\">\n\t\t\t\t<div class=\"elementor-widget-container\">\n\t\t\t\t\t\t\t\t\t<p>Wenn ihr ein Mentorenpaar sucht, oder noch weitere Fragen habt, schickt uns eine Nachricht und wir setzen uns mit euch in Verbindung.<\/p>\t\t\t\t\t\t\t\t<\/div>\n\t\t\t\t<\/div>\n\t\t\t\t\t<\/div>\n\t\t<\/div>\n\t\t\t\t<div class=\"elementor-column elementor-col-50 elementor-inner-column elementor-element elementor-element-f3695e4\" data-id=\"f3695e4\" data-element_type=\"column\" data-e-type=\"column\">\n\t\t\t<div class=\"elementor-widget-wrap elementor-element-populated\">\n\t\t\t\t\t\t<div class=\"elementor-element elementor-element-9eb4370 elementor-widget elementor-widget-shortcode\" data-id=\"9eb4370\" data-element_type=\"widget\" data-e-type=\"widget\" data-widget_type=\"shortcode.default\">\n\t\t\t\t<div class=\"elementor-widget-container\">\n\t\t\t\t\t\t\t<div class=\"elementor-shortcode\">\n<div class=\"wpcf7 no-js\" id=\"wpcf7-f2270-o1\" lang=\"de-DE\" dir=\"ltr\" data-wpcf7-id=\"2270\">\n<div class=\"screen-reader-response\"><p role=\"status\" aria-live=\"polite\" aria-atomic=\"true\"><\/p> <ul><\/ul><\/div>\n<form action=\"\/WordPress\/wp-json\/wp\/v2\/pages\/1890#wpcf7-f2270-o1\" method=\"post\" class=\"wpcf7-form init wpcf7-acceptance-as-validation\" aria-label=\"Kontaktformular\" novalidate=\"novalidate\" data-status=\"init\">\n<fieldset class=\"hidden-fields-container\"><input type=\"hidden\" name=\"_wpcf7\" value=\"2270\" \/><input type=\"hidden\" name=\"_wpcf7_version\" value=\"6.1.5\" \/><input type=\"hidden\" name=\"_wpcf7_locale\" value=\"de_DE\" \/><input type=\"hidden\" name=\"_wpcf7_unit_tag\" value=\"wpcf7-f2270-o1\" \/><input type=\"hidden\" name=\"_wpcf7_container_post\" value=\"0\" \/><input type=\"hidden\" name=\"_wpcf7_posted_data_hash\" value=\"\" \/>\n<\/fieldset>\n<p><label for=\"email-field\" class=\"wpcf7-label-required\">Deine E-Mail-Adresse<\/label><br \/>\n<span class=\"wpcf7-form-control-wrap\" data-name=\"email\"><input size=\"40\" maxlength=\"400\" class=\"wpcf7-form-control wpcf7-email wpcf7-validates-as-required wpcf7-text wpcf7-validates-as-email\" id=\"email-field\" aria-required=\"true\" aria-invalid=\"false\" value=\"\" type=\"email\" name=\"email\" \/><\/span>\n<\/p>\n<p><label for=\"message-field\" class=\"wpcf7-label-required\">Deine Nachricht<\/label><br \/>\n<span class=\"wpcf7-form-control-wrap\" data-name=\"message\"><textarea cols=\"40\" rows=\"10\" maxlength=\"2000\" class=\"wpcf7-form-control wpcf7-textarea wpcf7-validates-as-required\" id=\"message-field\" aria-required=\"true\" aria-invalid=\"false\" name=\"message\"><\/textarea><\/span>\n<\/p>\n<p><label class=\"wpcf7-label-required\">Datenschutz-Einverst\u00e4ndnis<\/label><br \/>\n<span class=\"wpcf7-form-control-wrap\" data-name=\"datenschutz\"><span class=\"wpcf7-form-control wpcf7-acceptance\"><span class=\"wpcf7-list-item\"><label><input type=\"checkbox\" name=\"datenschutz\" value=\"1\" aria-invalid=\"false\" \/><span class=\"wpcf7-list-item-label\">Der Verarbeitung, Speicherung und Weiterleitung meiner Daten an Twogether stimme ich zu. Die <a target=\"_blank\" href=\"\/WordPress\/datenschutzhinweise\/\">Datenschutzhinweise<\/a> habe ich gelesen.<\/span><\/label><\/span><\/span><\/span>\n<\/p>\n<p><span class=\"wpcf7-form-control-wrap\" data-name=\"quiz-146\"><label><span class=\"wpcf7-quiz-label\">Beweise, dass Du kein Roboter bist und gib das Ergebnis der folgenden Aufgabe ein: Wieviel Tiere sind acht Autos, drei B\u00e4ren und zwei Katzen?<\/span> <input size=\"40\" class=\"wpcf7-form-control wpcf7-quiz\" autocomplete=\"off\" aria-required=\"true\" aria-invalid=\"false\" type=\"text\" name=\"quiz-146\" \/><\/label><input type=\"hidden\" name=\"_wpcf7_quiz_answer_quiz-146\" value=\"4c803e952b3b0491e5cc58ef4e09ebf4\" \/><\/span>\n<\/p>\n<p><input class=\"wpcf7-form-control wpcf7-submit has-spinner\" type=\"submit\" value=\"Nachricht abschicken\" \/>\n<\/p><div class=\"wpcf7-response-output\" aria-hidden=\"true\"><\/div>\n<\/form>\n<\/div>\n<\/div>\n\t\t\t\t\t\t<\/div>\n\t\t\t\t<\/div>\n\t\t\t\t\t<\/div>\n\t\t<\/div>\n\t\t\t\t\t<\/div>\n\t\t<\/section>\n\t\t\t\t\t<\/div>\n\t\t<\/div>\n\t\t\t\t\t<\/div>\n\t\t<\/section>\n\t\t\t\t<\/div>\n\t\t","protected":false},"excerpt":{"rendered":"<p>Twogether \u2013 Begleitung in Paarfragen vor und w\u00e4hrend der Ehe Wenn aus Verliebtheit mehr geworden ist:\u00a0 Im\u00a0Twogether\u00a0&#8211; Ehevorbereitungsprogramm kommen die \u201e7 wichtigen Fragen, die ein Paar vor der Ehe kl\u00e4ren sollte\u201c, ins Spiel, von Umgang mit Finanzen, Kommunikation, Liebe zeigen, Sexualit\u00e4t bis zu Lebensperspektive ist so ziemlich alles dabei. Wer als Paar hier konkrete Hilfestellung [&hellip;]<\/p>\n","protected":false},"author":3,"featured_media":0,"parent":0,"menu_order":0,"comment_status":"closed","ping_status":"closed","template":"elementor_header_footer","meta":{"footnotes":""},"class_list":["post-1890","page","type-page","status-publish","hentry"],"_links":{"self":[{"href":"https:\/\/www.ehenetz-dresden.de\/WordPress\/wp-json\/wp\/v2\/pages\/1890","targetHints":{"allow":["GET"]}}],"collection":[{"href":"https:\/\/www.ehenetz-dresden.de\/WordPress\/wp-json\/wp\/v2\/pages"}],"about":[{"href":"https:\/\/www.ehenetz-dresden.de\/WordPress\/wp-json\/wp\/v2\/types\/page"}],"author":[{"embeddable":true,"href":"https:\/\/www.ehenetz-dresden.de\/WordPress\/wp-json\/wp\/v2\/users\/3"}],"replies":[{"embeddable":true,"href":"https:\/\/www.ehenetz-dresden.de\/WordPress\/wp-json\/wp\/v2\/comments?post=1890"}],"version-history":[{"count":22,"href":"https:\/\/www.ehenetz-dresden.de\/WordPress\/wp-json\/wp\/v2\/pages\/1890\/revisions"}],"predecessor-version":[{"id":2275,"href":"https:\/\/www.ehenetz-dresden.de\/WordPress\/wp-json\/wp\/v2\/pages\/1890\/revisions\/2275"}],"wp:attachment":[{"href":"https:\/\/www.ehenetz-dresden.de\/WordPress\/wp-json\/wp\/v2\/media?parent=1890"}],"curies":[{"name":"wp","href":"https:\/\/api.w.org\/{rel}","templated":true}]}}